{"id":49,"date":"2024-11-14T15:05:37","date_gmt":"2024-11-14T12:05:37","guid":{"rendered":"https:\/\/akupunktioalfa.fi\/?page_id=49"},"modified":"2025-10-29T22:44:54","modified_gmt":"2025-10-29T19:44:54","slug":"akupunktio","status":"publish","type":"page","link":"https:\/\/akupunktioalfa.fi\/index.php\/akupunktio\/","title":{"rendered":"Akupunktio"},"content":{"rendered":"\t\t<div data-elementor-type=\"wp-page\" data-elementor-id=\"49\" class=\"elementor elementor-49\" data-elementor-post-type=\"page\">\n\t\t\t\t<div class=\"elementor-element elementor-element-9150700 e-flex e-con-boxed e-con e-parent\" data-id=\"9150700\" data-element_type=\"container\" data-e-type=\"container\" data-settings=\"{&quot;shape_divider_top&quot;:&quot;mountains&quot;}\">\n\t\t\t\t\t<div class=\"e-con-inner\">\n\t\t\t\t<div class=\"elementor-shape elementor-shape-top\" aria-hidden=\"true\" data-negative=\"false\">\n\t\t\t<svg xmlns=\"http:\/\/www.w3.org\/2000\/svg\" viewBox=\"0 0 1000 100\" preserveAspectRatio=\"none\">\n\t<path class=\"elementor-shape-fill\" opacity=\"0.33\" d=\"M473,67.3c-203.9,88.3-263.1-34-320.3,0C66,119.1,0,59.7,0,59.7V0h1000v59.7 c0,0-62.1,26.1-94.9,29.3c-32.8,3.3-62.8-12.3-75.8-22.1C806,49.6,745.3,8.7,694.9,4.7S492.4,59,473,67.3z\"\/>\n\t<path class=\"elementor-shape-fill\" opacity=\"0.66\" d=\"M734,67.3c-45.5,0-77.2-23.2-129.1-39.1c-28.6-8.7-150.3-10.1-254,39.1 s-91.7-34.4-149.2,0C115.7,118.3,0,39.8,0,39.8V0h1000v36.5c0,0-28.2-18.5-92.1-18.5C810.2,18.1,775.7,67.3,734,67.3z\"\/>\n\t<path class=\"elementor-shape-fill\" d=\"M766.1,28.9c-200-57.5-266,65.5-395.1,19.5C242,1.8,242,5.4,184.8,20.6C128,35.8,132.3,44.9,89.9,52.5C28.6,63.7,0,0,0,0 h1000c0,0-9.9,40.9-83.6,48.1S829.6,47,766.1,28.9z\"\/>\n<\/svg>\t\t<\/div>\n\t\t\t\t<div class=\"elementor-element elementor-element-96d7493 elementor-hidden-desktop elementor-hidden-tablet elementor-widget elementor-widget-image\" data-id=\"96d7493\" data-element_type=\"widget\" data-e-type=\"widget\" data-widget_type=\"image.default\">\n\t\t\t\t<div class=\"elementor-widget-container\">\n\t\t\t\t\t\t\t\t\t\t\t\t\t\t\t<img fetchpriority=\"high\" decoding=\"async\" width=\"800\" height=\"534\" src=\"https:\/\/akupunktioalfa.fi\/wp-content\/uploads\/2025\/02\/Kasvoneulaus-1024x683.jpg\" class=\"attachment-large size-large wp-image-374\" alt=\"\" srcset=\"https:\/\/akupunktioalfa.fi\/wp-content\/uploads\/2025\/02\/Kasvoneulaus-1024x683.jpg 1024w, https:\/\/akupunktioalfa.fi\/wp-content\/uploads\/2025\/02\/Kasvoneulaus-300x200.jpg 300w, https:\/\/akupunktioalfa.fi\/wp-content\/uploads\/2025\/02\/Kasvoneulaus-768x512.jpg 768w, https:\/\/akupunktioalfa.fi\/wp-content\/uploads\/2025\/02\/Kasvoneulaus-1536x1024.jpg 1536w, https:\/\/akupunktioalfa.fi\/wp-content\/uploads\/2025\/02\/Kasvoneulaus.jpg 2048w\" sizes=\"(max-width: 800px) 100vw, 800px\" \/>\t\t\t\t\t\t\t\t\t\t\t\t\t\t\t<\/div>\n\t\t\t\t<\/div>\n\t\t\t\t<div class=\"elementor-element elementor-element-f7016e3 elementor-hidden-mobile elementor-widget elementor-widget-spacer\" data-id=\"f7016e3\" data-element_type=\"widget\" data-e-type=\"widget\" data-widget_type=\"spacer.default\">\n\t\t\t\t<div class=\"elementor-widget-container\">\n\t\t\t\t\t\t\t<div class=\"elementor-spacer\">\n\t\t\t<div class=\"elementor-spacer-inner\"><\/div>\n\t\t<\/div>\n\t\t\t\t\t\t<\/div>\n\t\t\t\t<\/div>\n\t\t\t\t\t<\/div>\n\t\t\t\t<\/div>\n\t\t<div class=\"elementor-element elementor-element-c04c85a e-flex e-con-boxed e-con e-parent\" data-id=\"c04c85a\" data-element_type=\"container\" data-e-type=\"container\">\n\t\t\t\t\t<div class=\"e-con-inner\">\n\t\t<div class=\"elementor-element elementor-element-889127b e-con-full e-flex e-con e-child\" data-id=\"889127b\" data-element_type=\"container\" data-e-type=\"container\">\n\t\t\t\t<div class=\"elementor-element elementor-element-83fc8e1 elementor-hidden-desktop elementor-hidden-tablet elementor-widget elementor-widget-heading\" data-id=\"83fc8e1\" data-element_type=\"widget\" data-e-type=\"widget\" data-widget_type=\"heading.default\">\n\t\t\t\t<div class=\"elementor-widget-container\">\n\t\t\t\t\t<h2 class=\"elementor-heading-title elementor-size-default\">AKUPUNKTIO<\/h2>\t\t\t\t<\/div>\n\t\t\t\t<\/div>\n\t\t\t\t<div class=\"elementor-element elementor-element-a17cf48 elementor-widget elementor-widget-text-editor\" data-id=\"a17cf48\" data-element_type=\"widget\" data-e-type=\"widget\" data-widget_type=\"text-editor.default\">\n\t\t\t\t<div class=\"elementor-widget-container\">\n\t\t\t\t\t\t\t\t\t<p>Akupunktio on l\u00e4\u00e4kkeet\u00f6nt\u00e4 hoitoa, neulaterapiaa ja kiinalaisen l\u00e4\u00e4ketieteen mukainen hoitomuoto, jossa stimuloidaan tietyiss\u00e4 niin kutsutuissa akupunktiopisteiss\u00e4 olevia hermop\u00e4\u00e4tteit\u00e4 ja autetaan kehoa tasapainottamaan kehon energiavirtoja eli Qi:t\u00e4.<br \/>Akupunktion tavoitteena on vahvistaa kehon omaa paranemisprosessia ja palauttaa sis\u00e4inen tasapaino ns. homeostaasi. Akupunktiolla voidaan hoitaa hyvin moninaisesti kehon, mielen ja tunnetason ongelmia sek\u00e4 edist\u00e4\u00e4 terveytt\u00e4. Neuloina k\u00e4yt\u00e4n steriilej\u00e4 kertak\u00e4ytt\u00f6isi\u00e4 neuloja.<\/p><p>Akupunktio toimii hoitovaikutukseltaan kumulatiivisesti, joten parhaat hoidontulokset saadaan useimmiten hoitosarjan kautta. Akupunktion hoitosarjan pituutta ja optimaalista hoitotiheytt\u00e4 on etuk\u00e4teen mahdotonta arvioida, koska asiakkaan hoitoisuuteen ja hoidonvasteeseen vaikuttavat useat asiakkaan yksil\u00f6lliset ja henkil\u00f6kohtaiset tekij\u00e4t.<br \/>Yleisesti voidaan sanoa, ett\u00e4 vastetta voidaan odottaa saavutettavan 3\u20135 hoitokerran j\u00e4lkeen. Akuutit vaivat saattavat hoitua 1\u20133 k\u00e4yntikerralla, mutta kroonisten vaivojen hoitaminen kest\u00e4\u00e4 luonnollisesti pidemm\u00e4n ajan. Asiakkaan hoitotuloksiin vaikuttaa my\u00f6s mahdollisuus tehd\u00e4 muutoksia esimerkiksi ruokavalioon tai el\u00e4m\u00e4ntapoihin.<\/p><p>Akupunktio on tieteellisesti tutkittua ja turvallista sek\u00e4 k\u00e4yt\u00e4nn\u00f6llinen hoitomuoto useisiin fyysisiin ja psyykkisiin h\u00e4iri\u00f6tiloihin (mm. kivun lievitt\u00e4minen, stressi, unettomuus, hedelm\u00e4tt\u00f6myys, hormonaalisen tasapainon ongelmat, palautuminen, urheiluvammat jne.) erityisesti asianmukaisen koulutuksen saaneen ammatinharjoittajan\/terapeutin suorittamana. Maailman terveysj\u00e4rjest\u00f6 (WHO) on laatinut yli 400:n nimikkeen listan vaivoista ja sairauksista, joita akupunktiolla ja kiinalaisella l\u00e4\u00e4ketieteell\u00e4 voidaan hoitaa. Akupunktio rentouttaa kehoa ja mielt\u00e4. Useimmat asiakkaat kokevat akupunktion aikana syv\u00e4\u00e4 rentoutumista ja rauhaa. Akupunktio ei hoida vain oiretta, vaan pyrkii ymm\u00e4rt\u00e4m\u00e4\u00e4n ja vaikuttamaan sairastumisen ja ep\u00e4tasapainon juurisyihin. Akupunktio on itsess\u00e4\u00e4n luonnollinen ja kokonaisvaltainen hoitomuoto.<\/p><p>Akupunktio ja muut kiinalaisen l\u00e4\u00e4ketieteen metodit ovat olleet k\u00e4yt\u00f6ss\u00e4 jo tuhansien vuosien ajan. Vuonna 2010 UNESCO nimesi perinteisen kiinalaisen l\u00e4\u00e4ketieteen akupunktio- ja moksibustiohoidot ihmiskunnan aineettomaksi kulttuuriperinn\u00f6ksi ja siten v\u00e4litt\u00f6m\u00e4n suojelun kohteeksi.<\/p>\t\t\t\t\t\t\t\t<\/div>\n\t\t\t\t<\/div>\n\t\t\t\t<\/div>\n\t\t<div class=\"elementor-element elementor-element-d8a87d2 e-con-full e-flex e-con e-child\" data-id=\"d8a87d2\" data-element_type=\"container\" data-e-type=\"container\">\n\t\t\t\t<div class=\"elementor-element elementor-element-b69dbe7 elementor-hidden-mobile elementor-widget elementor-widget-image\" data-id=\"b69dbe7\" data-element_type=\"widget\" data-e-type=\"widget\" data-widget_type=\"image.default\">\n\t\t\t\t<div class=\"elementor-widget-container\">\n\t\t\t\t\t\t\t\t\t\t\t\t\t\t\t<img fetchpriority=\"high\" decoding=\"async\" width=\"800\" height=\"534\" src=\"https:\/\/akupunktioalfa.fi\/wp-content\/uploads\/2025\/02\/Kasvoneulaus-1024x683.jpg\" class=\"attachment-large size-large wp-image-374\" alt=\"\" srcset=\"https:\/\/akupunktioalfa.fi\/wp-content\/uploads\/2025\/02\/Kasvoneulaus-1024x683.jpg 1024w, https:\/\/akupunktioalfa.fi\/wp-content\/uploads\/2025\/02\/Kasvoneulaus-300x200.jpg 300w, https:\/\/akupunktioalfa.fi\/wp-content\/uploads\/2025\/02\/Kasvoneulaus-768x512.jpg 768w, https:\/\/akupunktioalfa.fi\/wp-content\/uploads\/2025\/02\/Kasvoneulaus-1536x1024.jpg 1536w, https:\/\/akupunktioalfa.fi\/wp-content\/uploads\/2025\/02\/Kasvoneulaus.jpg 2048w\" sizes=\"(max-width: 800px) 100vw, 800px\" \/>\t\t\t\t\t\t\t\t\t\t\t\t\t\t\t<\/div>\n\t\t\t\t<\/div>\n\t\t\t\t<div class=\"elementor-element elementor-element-b1e795a elementor-hidden-mobile elementor-widget elementor-widget-image\" data-id=\"b1e795a\" data-element_type=\"widget\" data-e-type=\"widget\" data-widget_type=\"image.default\">\n\t\t\t\t<div class=\"elementor-widget-container\">\n\t\t\t\t\t\t\t\t\t\t\t\t\t\t\t<img decoding=\"async\" width=\"800\" height=\"534\" src=\"https:\/\/akupunktioalfa.fi\/wp-content\/uploads\/2025\/02\/SelanneulotusB_W-1024x683.jpg\" class=\"attachment-large size-large wp-image-375\" alt=\"\" srcset=\"https:\/\/akupunktioalfa.fi\/wp-content\/uploads\/2025\/02\/SelanneulotusB_W-1024x683.jpg 1024w, https:\/\/akupunktioalfa.fi\/wp-content\/uploads\/2025\/02\/SelanneulotusB_W-300x200.jpg 300w, https:\/\/akupunktioalfa.fi\/wp-content\/uploads\/2025\/02\/SelanneulotusB_W-768x512.jpg 768w, https:\/\/akupunktioalfa.fi\/wp-content\/uploads\/2025\/02\/SelanneulotusB_W-1536x1024.jpg 1536w, https:\/\/akupunktioalfa.fi\/wp-content\/uploads\/2025\/02\/SelanneulotusB_W.jpg 2048w\" sizes=\"(max-width: 800px) 100vw, 800px\" \/>\t\t\t\t\t\t\t\t\t\t\t\t\t\t\t<\/div>\n\t\t\t\t<\/div>\n\t\t\t\t<\/div>\n\t\t\t\t\t<\/div>\n\t\t\t\t<\/div>\n\t\t<div class=\"elementor-element elementor-element-d57c54a e-flex e-con-boxed e-con e-parent\" data-id=\"d57c54a\" data-element_type=\"container\" data-e-type=\"container\">\n\t\t\t\t\t<div class=\"e-con-inner\">\n\t\t\t\t<div class=\"elementor-element elementor-element-7d98278 elementor-hidden-desktop elementor-hidden-tablet elementor-widget elementor-widget-image\" data-id=\"7d98278\" data-element_type=\"widget\" data-e-type=\"widget\" data-widget_type=\"image.default\">\n\t\t\t\t<div class=\"elementor-widget-container\">\n\t\t\t\t\t\t\t\t\t\t\t\t\t\t\t<img decoding=\"async\" width=\"800\" height=\"534\" src=\"https:\/\/akupunktioalfa.fi\/wp-content\/uploads\/2025\/02\/SelanneulotusB_W-1024x683.jpg\" class=\"attachment-large size-large wp-image-375\" alt=\"\" srcset=\"https:\/\/akupunktioalfa.fi\/wp-content\/uploads\/2025\/02\/SelanneulotusB_W-1024x683.jpg 1024w, https:\/\/akupunktioalfa.fi\/wp-content\/uploads\/2025\/02\/SelanneulotusB_W-300x200.jpg 300w, https:\/\/akupunktioalfa.fi\/wp-content\/uploads\/2025\/02\/SelanneulotusB_W-768x512.jpg 768w, https:\/\/akupunktioalfa.fi\/wp-content\/uploads\/2025\/02\/SelanneulotusB_W-1536x1024.jpg 1536w, https:\/\/akupunktioalfa.fi\/wp-content\/uploads\/2025\/02\/SelanneulotusB_W.jpg 2048w\" sizes=\"(max-width: 800px) 100vw, 800px\" \/>\t\t\t\t\t\t\t\t\t\t\t\t\t\t\t<\/div>\n\t\t\t\t<\/div>\n\t\t\t\t\t<\/div>\n\t\t\t\t<\/div>\n\t\t<div class=\"elementor-element elementor-element-9866edd e-flex e-con-boxed e-con e-parent\" data-id=\"9866edd\" data-element_type=\"container\" data-e-type=\"container\">\n\t\t\t\t\t<div class=\"e-con-inner\">\n\t\t\t\t<div class=\"elementor-element elementor-element-5116372 elementor-widget elementor-widget-text-editor\" data-id=\"5116372\" data-element_type=\"widget\" data-e-type=\"widget\" data-widget_type=\"text-editor.default\">\n\t\t\t\t<div class=\"elementor-widget-container\">\n\t\t\t\t\t\t\t\t\t<p><span style=\"text-decoration: underline;\"><strong>Akupunktion k\u00e4ytt\u00f6suositukset Suomessa<\/strong><\/span><\/p><p><strong><em><a href=\"https:\/\/www.kaypahoito.fi\/?s=akupunktio\" target=\"_blank\" rel=\"noopener\">K\u00e4yp\u00e4 hoito -sivustolla<\/a><\/em><\/strong> l\u00f6ytyy kahdeksan hoitosuositusta akupunktion k\u00e4ytt\u00f6\u00f6n. K\u00e4yp\u00e4 hoito -suosituksissa mainitaan akupunktio seuraavien sairauksien ja\/tai oireiden tehokkaana tai potentiaalisesti tehokkaana hoitona:<\/p><p>\u2022 polvi- ja lonkkanivelrikko<br \/>\u2022 alaselk\u00e4kipu<br \/>\u2022 k\u00e4den ja kyyn\u00e4rvarren rasitussairaudet<br \/>\u2022 purentaelimist\u00f6n kipu ja toimintah\u00e4iri\u00f6t (TMD)<br \/>\u2022 olkap\u00e4\u00e4n j\u00e4nnevaivat<br \/>\u2022 niskakipu (aikuiset)<br \/>\u2022 akupunktio migreenin estohoidossa<br \/>\u2022 traumaper\u00e4inen stressih\u00e4iri\u00f6 (PTSD akupunktio mainittu kokeellisena hoitona)<\/p>\t\t\t\t\t\t\t\t<\/div>\n\t\t\t\t<\/div>\n\t\t\t\t\t<\/div>\n\t\t\t\t<\/div>\n\t\t<div class=\"elementor-element elementor-element-eac273a e-flex e-con-boxed e-con e-parent\" data-id=\"eac273a\" data-element_type=\"container\" data-e-type=\"container\" data-settings=\"{&quot;shape_divider_top&quot;:&quot;mountains&quot;}\">\n\t\t\t\t\t<div class=\"e-con-inner\">\n\t\t\t\t<div class=\"elementor-shape elementor-shape-top\" aria-hidden=\"true\" data-negative=\"false\">\n\t\t\t<svg xmlns=\"http:\/\/www.w3.org\/2000\/svg\" viewBox=\"0 0 1000 100\" preserveAspectRatio=\"none\">\n\t<path class=\"elementor-shape-fill\" opacity=\"0.33\" d=\"M473,67.3c-203.9,88.3-263.1-34-320.3,0C66,119.1,0,59.7,0,59.7V0h1000v59.7 c0,0-62.1,26.1-94.9,29.3c-32.8,3.3-62.8-12.3-75.8-22.1C806,49.6,745.3,8.7,694.9,4.7S492.4,59,473,67.3z\"\/>\n\t<path class=\"elementor-shape-fill\" opacity=\"0.66\" d=\"M734,67.3c-45.5,0-77.2-23.2-129.1-39.1c-28.6-8.7-150.3-10.1-254,39.1 s-91.7-34.4-149.2,0C115.7,118.3,0,39.8,0,39.8V0h1000v36.5c0,0-28.2-18.5-92.1-18.5C810.2,18.1,775.7,67.3,734,67.3z\"\/>\n\t<path class=\"elementor-shape-fill\" d=\"M766.1,28.9c-200-57.5-266,65.5-395.1,19.5C242,1.8,242,5.4,184.8,20.6C128,35.8,132.3,44.9,89.9,52.5C28.6,63.7,0,0,0,0 h1000c0,0-9.9,40.9-83.6,48.1S829.6,47,766.1,28.9z\"\/>\n<\/svg>\t\t<\/div>\n\t\t\t\t<div class=\"elementor-element elementor-element-2cf7905 elementor-hidden-mobile elementor-widget elementor-widget-spacer\" data-id=\"2cf7905\" data-element_type=\"widget\" data-e-type=\"widget\" data-widget_type=\"spacer.default\">\n\t\t\t\t<div class=\"elementor-widget-container\">\n\t\t\t\t\t\t\t<div class=\"elementor-spacer\">\n\t\t\t<div class=\"elementor-spacer-inner\"><\/div>\n\t\t<\/div>\n\t\t\t\t\t\t<\/div>\n\t\t\t\t<\/div>\n\t\t\t\t\t<\/div>\n\t\t\t\t<\/div>\n\t\t<div class=\"elementor-element elementor-element-c64a0a8 e-flex e-con-boxed e-con e-parent\" data-id=\"c64a0a8\" data-element_type=\"container\" data-e-type=\"container\">\n\t\t\t\t\t<div class=\"e-con-inner\">\n\t\t\t\t<div class=\"elementor-element elementor-element-92aab80 elementor-widget__width-auto elementor-mobile-align-center elementor-align-center elementor-hidden-desktop elementor-hidden-tablet elementor-widget elementor-widget-button\" data-id=\"92aab80\" data-element_type=\"widget\" data-e-type=\"widget\" data-widget_type=\"button.default\">\n\t\t\t\t<div class=\"elementor-widget-container\">\n\t\t\t\t\t\t\t\t\t<div class=\"elementor-button-wrapper\">\n\t\t\t\t\t<a class=\"elementor-button elementor-button-link elementor-size-sm\" href=\"https:\/\/pro.vello.fi\/akupunktio-alfa\/service-category\">\n\t\t\t\t\t\t<span class=\"elementor-button-content-wrapper\">\n\t\t\t\t\t\t\t\t\t<span class=\"elementor-button-text\">VARAA AIKA<\/span>\n\t\t\t\t\t<\/span>\n\t\t\t\t\t<\/a>\n\t\t\t\t<\/div>\n\t\t\t\t\t\t\t\t<\/div>\n\t\t\t\t<\/div>\n\t\t\t\t\t<\/div>\n\t\t\t\t<\/div>\n\t\t\t\t<\/div>\n\t\t","protected":false},"excerpt":{"rendered":"<p>AKUPUNKTIO Akupunktio on l\u00e4\u00e4kkeet\u00f6nt\u00e4 hoitoa, neulaterapiaa ja kiinalaisen l\u00e4\u00e4ketieteen mukainen hoitomuoto, jossa stimuloidaan tietyiss\u00e4 niin kutsutuissa akupunktiopisteiss\u00e4 olevia hermop\u00e4\u00e4tteit\u00e4 ja autetaan kehoa tasapainottamaan kehon energiavirtoja eli Qi:t\u00e4.Akupunktion tavoitteena on vahvistaa kehon omaa paranemisprosessia ja palauttaa sis\u00e4inen tasapaino ns. homeostaasi. Akupunktiolla voidaan hoitaa hyvin moninaisesti kehon, mielen ja tunnetason ongelmia sek\u00e4 edist\u00e4\u00e4 terveytt\u00e4. Neuloina k\u00e4yt\u00e4n steriilej\u00e4 [&hellip;]<\/p>\n","protected":false},"author":1,"featured_media":0,"parent":0,"menu_order":0,"comment_status":"closed","ping_status":"closed","template":"elementor_header_footer","meta":{"footnotes":""},"class_list":["post-49","page","type-page","status-publish","hentry"],"yoast_head":"<!-- This site is optimized with the Yoast SEO plugin v26.2 - https:\/\/yoast.com\/wordpress\/plugins\/seo\/ -->\n<title>Akupunktio - Akupunktio Alfa<\/title>\n<meta name=\"robots\" content=\"index, follow, max-snippet:-1, max-image-preview:large, max-video-preview:-1\" \/>\n<link rel=\"canonical\" href=\"https:\/\/akupunktioalfa.fi\/index.php\/akupunktio\/\" \/>\n<meta property=\"og:locale\" content=\"fi_FI\" \/>\n<meta property=\"og:type\" content=\"article\" \/>\n<meta property=\"og:title\" content=\"Akupunktio - Akupunktio Alfa\" \/>\n<meta property=\"og:description\" content=\"AKUPUNKTIO Akupunktio on l\u00e4\u00e4kkeet\u00f6nt\u00e4 hoitoa, neulaterapiaa ja kiinalaisen l\u00e4\u00e4ketieteen mukainen hoitomuoto, jossa stimuloidaan tietyiss\u00e4 niin kutsutuissa akupunktiopisteiss\u00e4 olevia hermop\u00e4\u00e4tteit\u00e4 ja autetaan kehoa tasapainottamaan kehon energiavirtoja eli Qi:t\u00e4.Akupunktion tavoitteena on vahvistaa kehon omaa paranemisprosessia ja palauttaa sis\u00e4inen tasapaino ns. homeostaasi. Akupunktiolla voidaan hoitaa hyvin moninaisesti kehon, mielen ja tunnetason ongelmia sek\u00e4 edist\u00e4\u00e4 terveytt\u00e4. Neuloina k\u00e4yt\u00e4n steriilej\u00e4 [&hellip;]\" \/>\n<meta property=\"og:url\" content=\"https:\/\/akupunktioalfa.fi\/index.php\/akupunktio\/\" \/>\n<meta property=\"og:site_name\" content=\"Akupunktio Alfa\" \/>\n<meta property=\"article:publisher\" content=\"https:\/\/www.facebook.com\/profile.php?id=61568222129662\" \/>\n<meta property=\"article:modified_time\" content=\"2025-10-29T19:44:54+00:00\" \/>\n<meta property=\"og:image\" content=\"https:\/\/akupunktioalfa.fi\/wp-content\/uploads\/2025\/02\/Kasvoneulaus.jpg\" \/>\n\t<meta property=\"og:image:width\" content=\"2048\" \/>\n\t<meta property=\"og:image:height\" content=\"1365\" \/>\n\t<meta property=\"og:image:type\" content=\"image\/jpeg\" \/>\n<meta name=\"twitter:card\" content=\"summary_large_image\" \/>\n<meta name=\"twitter:label1\" content=\"Arvioitu lukuaika\" \/>\n\t<meta name=\"twitter:data1\" content=\"3 minuuttia\" \/>\n<script type=\"application\/ld+json\" class=\"yoast-schema-graph\">{\"@context\":\"https:\/\/schema.org\",\"@graph\":[{\"@type\":\"WebPage\",\"@id\":\"https:\/\/akupunktioalfa.fi\/index.php\/akupunktio\/\",\"url\":\"https:\/\/akupunktioalfa.fi\/index.php\/akupunktio\/\",\"name\":\"Akupunktio - Akupunktio Alfa\",\"isPartOf\":{\"@id\":\"https:\/\/akupunktioalfa.fi\/#website\"},\"primaryImageOfPage\":{\"@id\":\"https:\/\/akupunktioalfa.fi\/index.php\/akupunktio\/#primaryimage\"},\"image\":{\"@id\":\"https:\/\/akupunktioalfa.fi\/index.php\/akupunktio\/#primaryimage\"},\"thumbnailUrl\":\"https:\/\/akupunktioalfa.fi\/wp-content\/uploads\/2025\/02\/Kasvoneulaus-1024x683.jpg\",\"datePublished\":\"2024-11-14T12:05:37+00:00\",\"dateModified\":\"2025-10-29T19:44:54+00:00\",\"breadcrumb\":{\"@id\":\"https:\/\/akupunktioalfa.fi\/index.php\/akupunktio\/#breadcrumb\"},\"inLanguage\":\"fi\",\"potentialAction\":[{\"@type\":\"ReadAction\",\"target\":[\"https:\/\/akupunktioalfa.fi\/index.php\/akupunktio\/\"]}]},{\"@type\":\"ImageObject\",\"inLanguage\":\"fi\",\"@id\":\"https:\/\/akupunktioalfa.fi\/index.php\/akupunktio\/#primaryimage\",\"url\":\"https:\/\/akupunktioalfa.fi\/wp-content\/uploads\/2025\/02\/Kasvoneulaus.jpg\",\"contentUrl\":\"https:\/\/akupunktioalfa.fi\/wp-content\/uploads\/2025\/02\/Kasvoneulaus.jpg\",\"width\":2048,\"height\":1365},{\"@type\":\"BreadcrumbList\",\"@id\":\"https:\/\/akupunktioalfa.fi\/index.php\/akupunktio\/#breadcrumb\",\"itemListElement\":[{\"@type\":\"ListItem\",\"position\":1,\"name\":\"Etusivu\",\"item\":\"https:\/\/akupunktioalfa.fi\/\"},{\"@type\":\"ListItem\",\"position\":2,\"name\":\"Akupunktio\"}]},{\"@type\":\"WebSite\",\"@id\":\"https:\/\/akupunktioalfa.fi\/#website\",\"url\":\"https:\/\/akupunktioalfa.fi\/\",\"name\":\"Akupunktio Alfa\",\"description\":\"\",\"potentialAction\":[{\"@type\":\"SearchAction\",\"target\":{\"@type\":\"EntryPoint\",\"urlTemplate\":\"https:\/\/akupunktioalfa.fi\/?s={search_term_string}\"},\"query-input\":{\"@type\":\"PropertyValueSpecification\",\"valueRequired\":true,\"valueName\":\"search_term_string\"}}],\"inLanguage\":\"fi\"}]}<\/script>\n<!-- \/ Yoast SEO plugin. -->","yoast_head_json":{"title":"Akupunktio - Akupunktio Alfa","robots":{"index":"index","follow":"follow","max-snippet":"max-snippet:-1","max-image-preview":"max-image-preview:large","max-video-preview":"max-video-preview:-1"},"canonical":"https:\/\/akupunktioalfa.fi\/index.php\/akupunktio\/","og_locale":"fi_FI","og_type":"article","og_title":"Akupunktio - Akupunktio Alfa","og_description":"AKUPUNKTIO Akupunktio on l\u00e4\u00e4kkeet\u00f6nt\u00e4 hoitoa, neulaterapiaa ja kiinalaisen l\u00e4\u00e4ketieteen mukainen hoitomuoto, jossa stimuloidaan tietyiss\u00e4 niin kutsutuissa akupunktiopisteiss\u00e4 olevia hermop\u00e4\u00e4tteit\u00e4 ja autetaan kehoa tasapainottamaan kehon energiavirtoja eli Qi:t\u00e4.Akupunktion tavoitteena on vahvistaa kehon omaa paranemisprosessia ja palauttaa sis\u00e4inen tasapaino ns. homeostaasi. Akupunktiolla voidaan hoitaa hyvin moninaisesti kehon, mielen ja tunnetason ongelmia sek\u00e4 edist\u00e4\u00e4 terveytt\u00e4. Neuloina k\u00e4yt\u00e4n steriilej\u00e4 [&hellip;]","og_url":"https:\/\/akupunktioalfa.fi\/index.php\/akupunktio\/","og_site_name":"Akupunktio Alfa","article_publisher":"https:\/\/www.facebook.com\/profile.php?id=61568222129662","article_modified_time":"2025-10-29T19:44:54+00:00","og_image":[{"width":2048,"height":1365,"url":"https:\/\/akupunktioalfa.fi\/wp-content\/uploads\/2025\/02\/Kasvoneulaus.jpg","type":"image\/jpeg"}],"twitter_card":"summary_large_image","twitter_misc":{"Arvioitu lukuaika":"3 minuuttia"},"schema":{"@context":"https:\/\/schema.org","@graph":[{"@type":"WebPage","@id":"https:\/\/akupunktioalfa.fi\/index.php\/akupunktio\/","url":"https:\/\/akupunktioalfa.fi\/index.php\/akupunktio\/","name":"Akupunktio - Akupunktio Alfa","isPartOf":{"@id":"https:\/\/akupunktioalfa.fi\/#website"},"primaryImageOfPage":{"@id":"https:\/\/akupunktioalfa.fi\/index.php\/akupunktio\/#primaryimage"},"image":{"@id":"https:\/\/akupunktioalfa.fi\/index.php\/akupunktio\/#primaryimage"},"thumbnailUrl":"https:\/\/akupunktioalfa.fi\/wp-content\/uploads\/2025\/02\/Kasvoneulaus-1024x683.jpg","datePublished":"2024-11-14T12:05:37+00:00","dateModified":"2025-10-29T19:44:54+00:00","breadcrumb":{"@id":"https:\/\/akupunktioalfa.fi\/index.php\/akupunktio\/#breadcrumb"},"inLanguage":"fi","potentialAction":[{"@type":"ReadAction","target":["https:\/\/akupunktioalfa.fi\/index.php\/akupunktio\/"]}]},{"@type":"ImageObject","inLanguage":"fi","@id":"https:\/\/akupunktioalfa.fi\/index.php\/akupunktio\/#primaryimage","url":"https:\/\/akupunktioalfa.fi\/wp-content\/uploads\/2025\/02\/Kasvoneulaus.jpg","contentUrl":"https:\/\/akupunktioalfa.fi\/wp-content\/uploads\/2025\/02\/Kasvoneulaus.jpg","width":2048,"height":1365},{"@type":"BreadcrumbList","@id":"https:\/\/akupunktioalfa.fi\/index.php\/akupunktio\/#breadcrumb","itemListElement":[{"@type":"ListItem","position":1,"name":"Etusivu","item":"https:\/\/akupunktioalfa.fi\/"},{"@type":"ListItem","position":2,"name":"Akupunktio"}]},{"@type":"WebSite","@id":"https:\/\/akupunktioalfa.fi\/#website","url":"https:\/\/akupunktioalfa.fi\/","name":"Akupunktio Alfa","description":"","potentialAction":[{"@type":"SearchAction","target":{"@type":"EntryPoint","urlTemplate":"https:\/\/akupunktioalfa.fi\/?s={search_term_string}"},"query-input":{"@type":"PropertyValueSpecification","valueRequired":true,"valueName":"search_term_string"}}],"inLanguage":"fi"}]}},"_links":{"self":[{"href":"https:\/\/akupunktioalfa.fi\/index.php\/wp-json\/wp\/v2\/pages\/49","targetHints":{"allow":["GET"]}}],"collection":[{"href":"https:\/\/akupunktioalfa.fi\/index.php\/wp-json\/wp\/v2\/pages"}],"about":[{"href":"https:\/\/akupunktioalfa.fi\/index.php\/wp-json\/wp\/v2\/types\/page"}],"author":[{"embeddable":true,"href":"https:\/\/akupunktioalfa.fi\/index.php\/wp-json\/wp\/v2\/users\/1"}],"replies":[{"embeddable":true,"href":"https:\/\/akupunktioalfa.fi\/index.php\/wp-json\/wp\/v2\/comments?post=49"}],"version-history":[{"count":139,"href":"https:\/\/akupunktioalfa.fi\/index.php\/wp-json\/wp\/v2\/pages\/49\/revisions"}],"predecessor-version":[{"id":796,"href":"https:\/\/akupunktioalfa.fi\/index.php\/wp-json\/wp\/v2\/pages\/49\/revisions\/796"}],"wp:attachment":[{"href":"https:\/\/akupunktioalfa.fi\/index.php\/wp-json\/wp\/v2\/media?parent=49"}],"curies":[{"name":"wp","href":"https:\/\/api.w.org\/{rel}","templated":true}]}}